 - 17*s**2 - 32*s - 24. Let q be b(-15). What is r(q)?
23
Let o(d) = -34*d**2 + d + 1. Suppose -41*w = -45*w - 4. Calculate o(w).
-34
Let m(d) = 2*d**2 + 2*d + 1. Let v(p) = 3*p**2 + 4*p + 1. Let b(z) = -2*m(z) + 2*v(z). What is b(-5)?
30
Let n(z) be the second derivative of -7*z**3/6 + 3*z**2/2 - 9*z. Let u(p) = -20*p + 8. Let d(t) = 11*n(t) - 4*u(t). Give d(-3).
-8
Let h(r) be the third derivative of -r**6/120 + r**5/60 + r**4/24 + 359*r**2. Suppose -x = -5 + 2, 6 = 3*j + 3*x. Determine h(j).
1
Let m(j) be the second derivative of 5/2*j**2 + 5/6*j**3 - 12*j + 0 - 1/12*j**4. Determine m(4).
9
Let r(z) = -14*z + 1. Let q(o) = -o**2 - 6*o - 9. Let j be q(-4). Calculate r(j).
15
Let u(b) = 11*b**3 + 2*b**2 + 21*b - 14. Let x(y) = -35*y**3 - 7*y**2 - 65*y + 41. Let r(t) = -19*u(t) - 6*x(t). Calculate r(-6).
2
Let n(a) = 8*a + 1. Suppose -2*i = 5*y - 16, -1 = -4*i + 4*y + 3. Let x be 36/12*(-2)/i. Give n(x).
-15
Let p(t) = -t**3 + 5*t**2 - 9*t - 5. Let q(l) = -6*l**3 + 25*l**2 - 46*l - 26. Suppose 3*g = 16 - 49. Let a(k) = g*p(k) + 2*q(k). Determine a(-6).
-3
Let v(k) = -k**3 - 3*k**2 - k + 1. Let l = 28 - 11. Let a = l + -7. Suppose -3*w + a = -w, 3*w = -4*p + 3. Determine v(p).
4
Suppose -o + 3 = 1. Let k(m) = -4*m + 3*m - 3*m**2 + m**o. Suppose -6 = 3*b, -5*x + 62*b - 12 = 63*b. What is k(x)?
-6
Let w(q) = -4 + 2*q + q - 2 - 2*q. Let k be 6/(-15) - 6/10. Let c be 0/(2 + -3 + k). Determine w(c).
-6
Let w(z) = -5*z**2 - 17*z + 4. Let s(b) = 11*b**2 + 35*b - 7. Let p(r) = 6*s(r) + 13*w(r). Calculate p(9).
-8
Let y(v) = 5*v. Let z(n) = -n. Let c be z(-2). Let g be (-35)/(-14) - (-2)/4. Suppose l = -g, c*l + 3*l + 11 = 4*u. Calculate y(u).
-5
Let t(d) = -d + 1. Let f(v) = 3*v - 4. Let g(m) = -f(m) - 4*t(m). Let r(a) = a - 21. Let o be r(9). Let k = o + 18. What is g(k)?
6
Let f(w) = -21*w**3 + 7*w**2 - 18*w - 15. Let c(x) = 8*x**3 - 2*x**2 + 6*x + 5. Let s(g) = -8*c(g) - 3*f(g). Let a(z) = -z - 3. Let i be a(3). Give s(i).
5
Let j(c) = c**2 + 11*c. Let p = 115 + -126. What is j(p)?
0
Let a(i) = 2*i**2 - i. Suppose -5*x - y = -3*y - 64, -68 = -4*x - 4*y. Suppose 0 = -x*d + 12*d + 4. What is a(d)?
6
Let i = -14 + -16. Let a = 27 + i. Let u(j) = -2*j + 1. What is u(a)?
7
Let v(l) be the first derivative of -l**2 - l - 20. Let p(x) = -x**2 - x. Let j(o) = p(o) + v(o). Calculate j(-4).
-5
Suppose 0 = 5*t + 2*w + 1, -2*t + 4 = -2*w + 5*w. Let z(q) be the second derivative of -7*q**5/20 + q**4/12 - q**2/2 - 64*q - 4. Give z(t).
7
Let g(h) be the second derivative of 1/24*h**4 - 3*h**2 + 0 - 1/2*h**3 + 0*h**5 + 2*h + 1/120*h**6. Let o(n) be the first derivative of g(n). Calculate o(0).
-3
Let s(g) be the third derivative of g**4/6 - 7*g**3/6 + 6*g**2 - 3. What is s(5)?
13
Let c(o) = -13*o + 59. Let l be c(4). Let z(k) = k**2 - 5*k - 13. What is z(l)?
1
Let f(u) = 106*u + 83. Let l(s) = -60*s - 41. Let j(y) = -4*f(y) - 7*l(y). Calculate j(-11).
-1
Let k = -31 + 43. Let c(p) = -21 + k - p + 8. Determine c(-2).
1
Suppose 51*x - 60*x = -18. Suppose 2*j + 21 = 5*j + 5*k, 0 = -3*k + 9. Let m(d) = -8*d - d**x - 1 + j - 2. Give m(-6).
11
Let y(u) = -5*u**2 + 11*u - 8. Let k(q) = -2*q - 23. Let c be k(-9). Let r(x) = -6*x**2 + 12*x - 9. Let a(d) = c*y(d) + 4*r(d). Determine a(5).
-6
Let n(h) = -47 + 26 - 7*h**2 + h**2 - 3*h + 0*h**2 + 25. Determine n(-3).
-41
Let m(p) = 4*p - 3. Let d be m(3). Let q(h) be the third derivative of -h**4/24 + 7*h**3/6 - 2*h**2 - 35*h. What is q(d)?
-2
Let a(p) = 3*p**2 - 18*p + 5. Let k be a(6). Let m(t) = -t**3 + 4*t**2 + 8*t - 4. Calculate m(k).
11
Let m(y) = y + 2. Let x = 194 + -194. Determine m(x).
2
Let i(f) = 21*f - 1. Suppose -r + 4*a = -22, -16 = -3*r + 169*a - 167*a. Give i(r).
41
Suppose -5*o + 13 = -s, 0 = -5*o + 3*o + 4*s - 2. Let w be (-10 - -10)/(o - (-3 - -2)). Let v(u) = u - 4 - u**3 - u. Give v(w).
-4
Let s(w) = 7*w - 4. Let x(b) = 4*b - 2. Let h be (-10)/(-40) + 118/8. Let z = -18 + h. Let r(u) = z*s(u) + 5*x(u). What is r(0)?
2
Let t(v) = -4*v + 1. Let w(l) = -33*l + 6. Let z(m) = 4*t(m) - w(m). Determine z(1).
15
Let y(p) = p**2 + 20*p - 208. Let m be y(-28). Let i(x) = -x**2 + 16*x - 6. Give i(m).
-6
Let t(n) = -n**3 + 4*n**2 - 2*n + 5. Suppose -5*b = -15, 3*o - 4*o - 5*b = -19. Suppose 0 = o*s + g - 12, -g + 16 = 2*s - 3*g. Calculate t(s).
-3
Suppose -11 - 20 = -31*z. Let m(w) = -32*w + 4. Give m(z).
-28
Let g = -8 + 12. Suppose 2*z = g*s, -22 = -4*z - 4*s + 26. Suppose w = -3*w - z. Let k(x) = -x**3 - 4*x**2 - 2*x - 1. Calculate k(w).
-5
Let c(m) = -13*m**3 - 23*m**2 + 3*m + 29. Let v(d) = -8*d**3 - 15*d**2 + 2*d + 19. Let n(p) = -5*c(p) + 8*v(p). Determine n(2).
-3
Let j(t) = -12*t**2 + 68*t + 29. Let s(w) = 2*w**2 - 13*w - 6. Let k(b) = -2*j(b) - 11*s(b). Calculate k(-4).
12
Suppose 4*x = -6*j + 2*j + 52, -3*j - 5*x = -31. Let c(u) = 4*u**2 + j*u - 2*u**2 - 6 - 23*u. Determine c(5).
14
Suppose -95 = -6*x + 25*x. Let y(h) = -h**3 - 6*h**2 - 7*h - 4. Calculate y(x).
6
Let j(o) = -7*o**3 - o**2. Let w be j(-1). Let q(b) = -2 + b**2 - 2476*b + 2467*b + 5. What is q(w)?
-15
Suppose -r = 2*t - 7, -3 - 12 = -5*r - 5*t. Let j(m) = 3*m**2 - 6*m. Let l(p) = 2*p**2 - 5*p. Let w(b) = -5*j(b) + 6*l(b). Determine w(r).
-3
Let c(j) = -j**3 - 8*j**2 - 7. Let u = 445 - 453. What is c(u)?
-7
Let t(a) = 15*a**3 - 15*a - 14*a**3 - 2*a**2 - 10*a**2 - 13 - 4 - 3*a**2. What is t(16)?
-1
Suppose -2*l + 5*d - 23 = 11, -3*l + 2*d - 29 = 0. Let q(h) = h**3 + 6*h**2 - 6*h - 1. What is q(l)?
-8
Let m = -32 - -33. Let d(c) = -9 + 0 + 5 + m + c. Let k = -8 + 5. Calculate d(k).
-6
Suppose 9 = -3*u - 9. Let i(b) = b**3 + b**2 - 2*b. Let z(q) = -6*q**3 + 20*q - 5. Let r(s) = -7*i(s) - z(s). Determine r(u).
5
Let v(c) be the first derivative of -c**6/60 - c**5/15 - c**3/2 - 27*c**2/2 - 3. Let x(r) be the second derivative of v(r). What is x(-3)?
15
Let b(t) = 12*t**2 - 31*t + 7. Let u(f) = 7*f**2 - 16*f + 3. Let q(s) = -3*b(s) + 5*u(s). What is q(9)?
30
Let q(r) = -2*r + 2 - 2 - 7 - 3. Let v be q(-9). Let k(b) = 7*b - b**2 + 0*b + 2*b**3 - 16*b - 2 + v*b. Give k(2).
8
Let l(k) be the first derivative of -1/2*k**2 - 1 + 12*k. Suppose -6*p + 5*p + 6 = 0. Calculate l(p).
6
Suppose -4*v = -0*v + 16. Suppose 3*x - 3 = -u, 3*u = 5*u + 2*x - 2. Let t(b) = -2 + 0 + 3 - b + u. Calculate t(v).
5
Suppose -71 = -15*w + 49. Suppose 2*z - 6 = -0*z, -h + 4*z - 17 = 0. Let k = w + h. Let j(s) = s**2 - s - 4. What is j(k)?
2
Let b(n) = -4*n**3 + 5*n**2 + 7*n + 9. Let u(p) = 2*p**3 - 3*p**2 - 4*p - 5. Let q(h) = 6*b(h) + 11*u(h). What is q(-2)?
7
Let a(c) = -c**2 + 8*c + 1. Let i(n) = n**2 - 11*n - 1. Let j be i(8). Let s = 32 + j. What is a(s)?
8
Let x(o) = -o**2 + 2*o - 1. Suppose -5*z = -51 - 89. Let w = 7 - z. Let r be 6/w + (-23)/(-7). Give x(r).
-4
Let i(h) = -h**3 - 4*h**2 + 2. Let o(d) = -d**3 + d**2 - 2*d - 2. Let x be o(0). Let j = -2 + x. What is i(j)?
2
Let u(f) = 6*f - 16. Let l be (-540)/(-162)*9/6. Calculate u(l).
14
Suppose 0 = 3*z - 5*z - 8. Let y be 2/(-4)*0/(-1). Let f(b) = b + y*b - 7 - 2*b. What is f(z)?
-3
Suppose 4*n + 2*b + 50 = 0, 2*b - 61 = 5*n + 3*b. Let x be n/(-36) - (-98)/(-6). Let d = -20 - x. Let u(h) = 2*h - 2. Determine u(d).
-10
Let o(a) = -5*a - 25. Let p(v) = -3*v - 13. Let j(n) = -4*o(n) + 7*p(n). Let k be (5/(-10))/((-2)/64). Let i = k - 12. Determine j(i).
5
Let g(n) be the third derivative of n**6/120 + n**4/24 - n**3/2 + 179*n**2. What is g(0)?
-3
Let n(v) = 75*v**3 - 141*v**3 - 26 + 65*v**3 - 12*v - 8*v**2. Calculate n(-7).
9
Suppose 1 - 3 = 5*t - n, 5*t = 4*n + 7. Let p be (-4)/(-8)*(-22)/t. Let d(h) = -h**2 - 3 - p*h + 2*h**2 + 14*h. Give d(-3).
-3
Let b(t) = -5*t**2 - 9*t**2 - 16*t**2 - 4*t**2 + 4*t + 35*t**2. Let o be (-3 - -2)*4*1. Give b(o).
0
Let h(y) = -4*y**2 - 9*y. Let z(v) = -5*v**2 - 10*v. Let l(r) = 4*h(r) - 3*z(r). Suppose 10*d - 28 = 11*d + 5*i, -5*d - 5*i = 40. Give l(d).
9
Let u(b) be the first derivative of b**4/4 + 5*b**3/3 - b**2/2 - 4*b - 155. Calculate u(-6).
-34
Let b(o) = o**2 + 15*o - 14. Let i(d) = -3*d**2 - 91*d - 40. Let k be i(-30). Calculate b(k).
-64
Let m(b) be the second derivative of 5*b**5/4 - b**4/12 + b**3/6 + b**2/2 - 333*b. Give m(-1).
-26
Let m = 66 - 70. Let h(j) = -j**3 + j + 1. Let g(p) = 7*p**3 + 3*p**2 - 7*p - 1. Let q(w) = -g(w) - 6*h(w). Calculate q(m).
7
Let l(u) = -u